{"id":1142,"date":"2025-11-10T13:12:37","date_gmt":"2025-11-10T12:12:37","guid":{"rendered":"http:\/\/sv-rohrdorf.de\/?page_id=1142"},"modified":"2025-12-30T06:45:09","modified_gmt":"2025-12-30T05:45:09","slug":"chronik","status":"publish","type":"page","link":"http:\/\/sv-rohrdorf.de\/index.php\/chronik\/","title":{"rendered":"Chronik"},"content":{"rendered":"\t\t<div data-elementor-type=\"wp-page\" data-elementor-id=\"1142\" class=\"elementor elementor-1142\">\n\t\t\t\t<div class=\"elementor-element elementor-element-26845db e-flex e-con-boxed e-con e-parent\" data-id=\"26845db\" data-element_type=\"container\" data-e-type=\"container\">\n\t\t\t\t\t<div class=\"e-con-inner\">\n\t\t\t\t<div class=\"elementor-element elementor-element-2cb7361 elementor-widget elementor-widget-text-editor\" data-id=\"2cb7361\" data-element_type=\"widget\" data-e-type=\"widget\" data-widget_type=\"text-editor.default\">\n\t\t\t\t\t\t\t\t\t<p>Als 1858 der Sch\u00fctzenverein, damals Sch\u00fctzengesellschaft, gegr\u00fcndet wurde, hatten die Sch\u00fctzen kein eigenes Sch\u00fctzenheim in dem sie sich treffen konnten. Die einzige M\u00f6glichkeit war, um seine Freude am Schie\u00dfsport zu haben, auf den eigenen H\u00fcgeln zu trainieren. Da das Dorf sehr sch\u00f6n gelegen war, an der Adelegg (Alpenauslauf) bot sich diese Gelegenheit gut an.<br>Ein Teil der Sch\u00fctzen schoss mit Feuerstutzen von M\u00f6sle&#8217;s Berg 300 Meter in Richtung Kink&#8217;s Berg. Der andere Teil absolvierte sein Training ebenfalls mit Feuerstutzen von Keybach&#8217;s Berg in Richtung Fischer&#8217;s Berg.<\/p>\n<p>Einige Jahre sp\u00e4ter wurde die Weite verk\u00fcrzt und auf beiden H\u00fcgeln mit Kleinkaliber geschossen. Auch existierte eine B\u00f6llerh\u00fctte auf Keybach&#8217;s Berg von dem aus die Feiertage begr\u00fc\u00dft wurden.<br>Viele Sch\u00fctzenscheiben, die im heutigen Vereinshaus h\u00e4ngen, lassen nur einen Bruchteil des damaligen Vereinsleben erahnen.<\/p>\n<p>1903 war die erste Fahnenweihe der inzwischen umbenannten Sch\u00fctzengesellschaft in Zimmersch\u00fctzengesellschaft.<\/p>\n<p>Dann kamen die beiden Weltkriege.<br>W\u00e4hrend beim Ersten das Vereinsleben teilweise weiterging, kam es beim Zweiten vollkommen zum Stillstand.<\/p>\n<p>Die Wiedergr\u00fcndung des &#8222;Sch\u00fctzenvereins Rohrdorf&#8220; fand 1949 statt. Mit der Eintragung beim Amtsgericht als &#8222;eingetragener Verein (e.V.)&#8220;.<br>Doch leider waren die finanziellen Mittel nicht vorhanden, um ein eigenes Sch\u00fctzenheim zu schaffen. Fam. W\u00fcrtenberger, denen das Gasthaus &#8222;Zum Kreuz&#8220; geh\u00f6rt, stellte dankbarer Weise ihre R\u00e4ume zur Verf\u00fcgung. Zu Anfang wurde von einem Zimmer aus durch einen Kamin und durch den Hausgang geschossen. Selbstverst\u00e4ndlich musste man aufpassen, wenn neue G\u00e4ste kamen, dass sie nicht getroffen wurden. 9 Jahre sp\u00e4ter, also 1958, stellte Fam. W\u00fcrtenberger einen kleinen Festraum zur Verf\u00fcgung. Aber leider war er nicht lang genug. Deshalb machte man in einer Wand drei \u00d6ffnungen mit kleinen T\u00fcrchen, durch die die Seile gespannt wurden und in den anderen R\u00e4umen geschossen werden konnte. Vor jedem Training stellte der Verein drei St\u00e4nde (die Eigentum des Vereins waren) auf und baute sie danach wieder ab, da der Raum auch f\u00fcr andere Anl\u00e4sse des Gasthauses genutzt wurde.<\/p>\n<p>Im Juni 1970 kam dann die zweite Fahnenweihe mit neuer Fahne, mit der der Verein auch noch in der heutigen Zeit an Festumz\u00fcgen und Festlichkeiten teilnimmt. Damals feierten die Sch\u00fctzen aus 17 Vereinen und Freunde aus Nah und Fern drei Tage lang dieses Fest. Die eigentliche Chance des Sch\u00fctzenvereins auf ein eigenes Heim kam 1994 mit dem Bau eines Vereinshauses der Gemeinde. Mit viel Eigenleistungen der einzelnen Vereine (Musikverein, Landjugend, Landfrauenverein, Feuerwehr und Sch\u00fctzenverein) konnte dann 1995 das Vereinshaus bezogen werden.<\/p>\n<p>2025 wurde der Schie\u00dfstand von Seilzugtechnik + Papierscheiben auf eine elektronische Schie\u00dfanlage der Firma Meyton umger\u00fcstet mit moderner Me\u00dftechnik und automatischer Trefferauswertung. So entf\u00e4llt das h\u00e4ndische Auswerten der Schie\u00dfscheiben.<\/p>\n<p><\/p>\t\t\t\t\t\t\t\t<\/div>\n\t\t\t\t\t<\/div>\n\t\t\t\t<\/div>\n\t\t\t\t<\/div>\n\t\t","protected":false},"excerpt":{"rendered":"<p>Als 1858 der Sch\u00fctzenverein, damals Sch\u00fctzengesellschaft, gegr\u00fcndet wurde, hatten die Sch\u00fctzen kein eigenes Sch\u00fctzenheim in dem sie sich treffen konnten. Die einzige M\u00f6glichkeit war, um seine Freude am Schie\u00dfsport zu [&hellip;]<\/p>\n","protected":false},"author":1,"featured_media":0,"parent":0,"menu_order":0,"comment_status":"closed","ping_status":"closed","template":"","meta":{"ocean_post_layout":"","ocean_both_sidebars_style":"","ocean_both_sidebars_content_width":0,"ocean_both_sidebars_sidebars_width":0,"ocean_sidebar":"","ocean_second_sidebar":"","ocean_disable_margins":"enable","ocean_add_body_class":"","ocean_shortcode_before_top_bar":"","ocean_shortcode_after_top_bar":"","ocean_shortcode_before_header":"","ocean_shortcode_after_header":"","ocean_has_shortcode":"","ocean_shortcode_after_title":"","ocean_shortcode_before_footer_widgets":"","ocean_shortcode_after_footer_widgets":"","ocean_shortcode_before_footer_bottom":"","ocean_shortcode_after_footer_bottom":"","ocean_display_top_bar":"default","ocean_display_header":"default","ocean_header_style":"","ocean_center_header_left_menu":"","ocean_custom_header_template":"","ocean_custom_logo":0,"ocean_custom_retina_logo":0,"ocean_custom_logo_max_width":0,"ocean_custom_logo_tablet_max_width":0,"ocean_custom_logo_mobile_max_width":0,"ocean_custom_logo_max_height":0,"ocean_custom_logo_tablet_max_height":0,"ocean_custom_logo_mobile_max_height":0,"ocean_header_custom_menu":"","ocean_menu_typo_font_family":"","ocean_menu_typo_font_subset":"","ocean_menu_typo_font_size":0,"ocean_menu_typo_font_size_tablet":0,"ocean_menu_typo_font_size_mobile":0,"ocean_menu_typo_font_size_unit":"px","ocean_menu_typo_font_weight":"","ocean_menu_typo_font_weight_tablet":"","ocean_menu_typo_font_weight_mobile":"","ocean_menu_typo_transform":"","ocean_menu_typo_transform_tablet":"","ocean_menu_typo_transform_mobile":"","ocean_menu_typo_line_height":0,"ocean_menu_typo_line_height_tablet":0,"ocean_menu_typo_line_height_mobile":0,"ocean_menu_typo_line_height_unit":"","ocean_menu_typo_spacing":0,"ocean_menu_typo_spacing_tablet":0,"ocean_menu_typo_spacing_mobile":0,"ocean_menu_typo_spacing_unit":"","ocean_menu_link_color":"","ocean_menu_link_color_hover":"","ocean_menu_link_color_active":"","ocean_menu_link_background":"","ocean_menu_link_hover_background":"","ocean_menu_link_active_background":"","ocean_menu_social_links_bg":"","ocean_menu_social_hover_links_bg":"","ocean_menu_social_links_color":"","ocean_menu_social_hover_links_color":"","ocean_disable_title":"default","ocean_disable_heading":"default","ocean_post_title":"","ocean_post_subheading":"","ocean_post_title_style":"","ocean_post_title_background_color":"","ocean_post_title_background":0,"ocean_post_title_bg_image_position":"","ocean_post_title_bg_image_attachment":"","ocean_post_title_bg_image_repeat":"","ocean_post_title_bg_image_size":"","ocean_post_title_height":0,"ocean_post_title_bg_overlay":0.5,"ocean_post_title_bg_overlay_color":"","ocean_disable_breadcrumbs":"default","ocean_breadcrumbs_color":"","ocean_breadcrumbs_separator_color":"","ocean_breadcrumbs_links_color":"","ocean_breadcrumbs_links_hover_color":"","ocean_display_footer_widgets":"on","ocean_display_footer_bottom":"on","ocean_custom_footer_template":"","footnotes":""},"class_list":["post-1142","page","type-page","status-publish","hentry","entry"],"_links":{"self":[{"href":"http:\/\/sv-rohrdorf.de\/index.php\/wp-json\/wp\/v2\/pages\/1142","targetHints":{"allow":["GET"]}}],"collection":[{"href":"http:\/\/sv-rohrdorf.de\/index.php\/wp-json\/wp\/v2\/pages"}],"about":[{"href":"http:\/\/sv-rohrdorf.de\/index.php\/wp-json\/wp\/v2\/types\/page"}],"author":[{"embeddable":true,"href":"http:\/\/sv-rohrdorf.de\/index.php\/wp-json\/wp\/v2\/users\/1"}],"replies":[{"embeddable":true,"href":"http:\/\/sv-rohrdorf.de\/index.php\/wp-json\/wp\/v2\/comments?post=1142"}],"version-history":[{"count":8,"href":"http:\/\/sv-rohrdorf.de\/index.php\/wp-json\/wp\/v2\/pages\/1142\/revisions"}],"predecessor-version":[{"id":1328,"href":"http:\/\/sv-rohrdorf.de\/index.php\/wp-json\/wp\/v2\/pages\/1142\/revisions\/1328"}],"wp:attachment":[{"href":"http:\/\/sv-rohrdorf.de\/index.php\/wp-json\/wp\/v2\/media?parent=1142"}],"curies":[{"name":"wp","href":"https:\/\/api.w.org\/{rel}","templated":true}]}}